*x + 3. Let w be v(-9). Let y be ((-5)/w)/(1/36). What is the greatest common factor of 12 and y?
12
Suppose -17*w + 200 = -16*w. Calculate the highest common divisor of w and 80.
40
Suppose g - 72 = -3*g. Calculate the greatest common divisor of 81 and g.
9
Let t be ((-72)/(-60))/((-6)/(-240)). Calculate the highest common divisor of t and 72.
24
Suppose -110*q + 114*q = 168. Calculate the highest common factor of q and 14.
14
Suppose 5*p - 6 = -m + p, -2*m + 6 = 2*p. Suppose 20 = m*a + 6. Calculate the highest common factor of a and 14.
7
Let r = -22 - -19. Let f be 56/(-2)*r*11/22. What is the highest common factor of 63 and f?
21
Let b = 733 - -112. What is the greatest common factor of 65 and b?
65
Let u be -7*5/(1 - 2). Let i(k) be the second derivative of -2*k**3/3 - 9*k**2 - 11*k. Let f be i(-8). Calculate the highest common factor of f and u.
7
Suppose -16*j = -362 - 2118. Calculate the greatest common divisor of j and 217.
31
Let p be (0 + (-311)/2)/(14/28). Let w = -36 - p. Calculate the highest common factor of 25 and w.
25
Let d = -19 + 29. Let m be 0 + d/(-3 + 8). What is the highest common factor of m and 14?
2
Let b(r) = r**2 - r - 3. Let x be b(5). Let k(t) = t**2 - 10*t - 18. Let j be k(-9). Calculate the highest common factor of x and j.
17
Let j be (2 - -1)/(15/760*2). Suppose -4*t = -4*k + 4 - j, 2*t - 33 = 3*k. What is the greatest common factor of 14 and t?
7
Suppose -3*c - 951 = -3*b - c, 0 = -b + 2*c + 321. Let j(i) = 4*i + 15. Let k be j(5). Calculate the greatest common divisor of k and b.
35
Suppose 3*s = -2*c + 5*c - 54, 4*s - 8 = 0. Calculate the greatest common factor of c and 10.
10
Suppose 0 = 2*a - a - 71. Suppose -a = -2*f + 5*k, -3*f + 5*k + 49 = -50. Suppose -26*d = -6 - 98. What is the highest common factor of f and d?
4
Suppose 0 = 10*i + 291 + 309. Let j be 20*(i/(-16) + -3). Calculate the greatest common factor of 30 and j.
15
Let x(p) = -2*p + 8. Let b = 6 - 0. Let i be x(b). Let f be (-6)/i + 21/6. What is the greatest common factor of 15 and f?
5
Let b be 181 + 1/(4/12). Calculate the highest common divisor of b and 46.
46
Let r(h) = -h**3 - 12*h**2 + 11*h - 12. Let n = 1457 + -2472. Let d be 4/22 + n/77. Let f be r(d). What is the highest common factor of 14 and f?
14
Let u(p) be the first derivative of -2*p**3/3 + 29*p**2/2 + 8*p - 19. Let m be u(14). What is the highest common divisor of m and 2?
2
Let i = 313 + -217. Calculate the greatest common factor of i and 24.
24
Suppose 57*b - 45 = -5*z + 58*b, 0 = -2*z - 5*b - 9. Let u = 158 + -70. Calculate the greatest common factor of u and z.
8
Suppose 246 = 13*s - 10*s. Let i = s + -36. Suppose -5*c = -i - 94. Calculate the greatest common divisor of c and 7.
7
Suppose -7 = -u - 3*y, 4*u - 3*y = -0*y + 58. Let x be (26/(-5))/(u/(-520)). Calculate the greatest common divisor of x and 13.
13
Let z(b) = 4*b - 66. Suppose -y + 4*y = -2*k + 49, 3*k + 12 = 0. Let g be z(y). What is the highest common factor of 70 and g?
10
Let p be (((-3080)/33)/(-7))/(15/18). Suppose -y = 2*y - 36. What is the greatest common divisor of p and y?
4
Let t be (1458/(-135))/(28/30 + -1). Calculate the greatest common divisor of t and 6.
6
Suppose 3*y + 196 = 331. Calculate the highest common divisor of y and 99.
9
Suppose -4*g - 77 = 35. Let k be (22*(-6)/21)/(8/g). What is the greatest common factor of 77 and k?
11
Let r = -2 - -4. Suppose r*g - 23 = -g - 4*c, -2*g = c - 22. What is the highest common factor of g and 104?
13
Let b(y) = -y**2 - 10*y - 14. Let t be b(-6). Let j be 46*(-14)/(-20) - 2/t. What is the greatest common factor of 48 and j?
16
Let f = 6 + 1. Let k be -2*1/(4/(-8)). Suppose n = k*n - 168. Calculate the greatest common divisor of f and n.
7
Let s = -1 + 0. Let u be (-73)/(-6) - s/(-6). Calculate the highest common divisor of 18 and u.
6
Let n be (4716/16)/9 - (-1)/4. Let p = -8 + 41. Calculate the greatest common divisor of p and n.
33
Let k(w) = -2. Let n(o) = -2*o - 40. Let t(a) = 132*k(a) - 6*n(a). Let z be t(7). Calculate the highest common divisor of 24 and z.
12
Suppose 30*s - 2420 = 8*s. Let u(y) = -y**3 + 2*y**2 + y. Let i be u(-2). Let q = i + -4. Calculate the highest common factor of s and q.
10
Suppose -214 = -0*p - 3*p + 2*w, -5*p = w - 361. What is the greatest common factor of 324 and p?
36
Let c = -132 + 230. Calculate the highest common divisor of 14 and c.
14
Let l be 2 - ((4 - 1) + -3). Suppose 4*y + l*a = 136, -3*y - 4*a + 3*a + 103 = 0. Calculate the highest common divisor of y and 140.
35
Let y(q) = 30*q - 5. Let t be y(2). Suppose 0 = 5*a - p - 4*p - 100, 5*a + 5*p - 120 = 0. What is the greatest common factor of t and a?
11
Suppose 0 = k - 3*o - 42, 2*o = 4*o + 4. Suppose k*i - 34*i = 48. What is the greatest common divisor of i and 72?
24
Suppose -s - 171 = -4*s. Suppose -k + s = 2*k. Calculate the highest common factor of k and 57.
19
Let u be 15/1*23*(-24)/(-276). What is the highest common divisor of 2040 and u?
30
Let v = -59 - -123. Let n(h) = -h**3 - 9*h**2 - 15*h + 1. Let c be n(-7). Calculate the highest common factor of c and v.
8
Suppose 721 = 49*l - 357. What is the greatest common factor of 638 and l?
22
Let a(y) = 251 - 5*y - 252 + 0*y + 12*y. Let x be a(1). What is the greatest common factor of x and 6?
6
Let x(f) = f**3 - 5*f**2 + 8*f - 3. Let q be x(6). Let n be (-2)/(-7) + (-6 - 332/(-14)). What is the greatest common divisor of q and n?
9
Let q be 10*(-3 - -9)/6. Calculate the greatest common divisor of q and 310.
10
Suppose 0 = -5*u - 4*a + 239, 3*a + 27 = -5*u + 270. Suppose 2*j + u - 55 = 0. Calculate the greatest common factor of 1 and j.
1
Let p be ((-2304)/(-40))/(-6)*-15. What is the highest common divisor of p and 2?
2
Suppose -134 = -5*w - 3*a + 59, a = w - 45. Let i = -643 - -971. What is the highest common factor of w and i?
41
Let g(p) = 6*p + 23. Let o be g(22). Let d = 240 - o. Calculate the greatest common divisor of d and 5.
5
Let u be (2/(-1))/(-2) - 17. Let o = -2 - u. Let h be (-262)/(-14) - (-4)/o. Calculate the highest common divisor of h and 95.
19
Suppose -178*r - 194 = -157*r - 2924. Let f(m) = -m**3 - 2*m**2 + 5*m - 2. Let d be f(-4). Calculate the greatest common factor of d and r.
10
Let p be (53 - -411) + (-7 - -2). What is the highest common factor of 54 and p?
27
Let v(u) = 8*u**2 + 16*u + 78. Let c be v(-6). Calculate the highest common factor of c and 30.
30
Let f(t) = -t**2 - 2*t - 1. Let m be f(-3). Let g be 12/8 - 106/m. Calculate the greatest common factor of 28 and g.
28
Let v(p) = -p - 1. Let c(a) = -2*a + 16. Let d(m) = c(m) - 3*v(m). Let u be (3 + -2)/((-1)/15). Let q be d(u). Calculate the highest common divisor of 4 and q.
4
Suppose 0 = -2*n - 2, -2*c + 60 = -3*n + 213. Let a = -40 - c. What is the highest common divisor of a and 266?
38
Let d = -40 - -42. Let h be -6*(d + 42/(-9) - 0). Calculate the greatest common factor of 40 and h.
8
Suppose -4*m + 153 = 3*x - 78, -5*m - 2*x + 280 = 0. What is the greatest common factor of 4 and m?
2
Let v = 220 + -155. Let z = v + -37. Let a = 379 - 127. Calculate the highest common divisor of a and z.
28
Suppose 3*k - 145 - 8 = 0. Calculate the greatest common divisor of k and 1.
1
Let v(g) = -2*g - 7. Let n be v(-12). Let j(f) = -f + 9. Let m be j(4). Suppose -m*i = -99 - 71. What is the greatest common divisor of i and n?
17
Let q = -38 + 164. What is the greatest common factor of q and 90?
18
Let g(l) = -l**3 - 6*l**2 - l - 1. Let y be g(-6). Suppose 0 = v - 2*d - 35, -96*v + 99*v - 2*d = 105. What is the highest common factor of y and v?
5
Let z be 17/(11/(-12) + 1). Suppose -z = -12*c + 8*c. Suppose n - 33 = -2*m, -3*n - 1 = 2. What is the greatest common divisor of m and c?
17
Let l(r) = -32*r - 10. Let y be l(-7). Suppose -16 + y = 3*n. Let j be (-3)/(3 + n/(-21)). What is the greatest common divisor of j and 14?
7
Let y(v) = 4*v. Let g be y(1). Suppose 16 = g*h + 4. Let r(s) = 4*s**3 - s**2 + s - 3. Let u be r(h). Calculate the greatest common divisor of 11 and u.
11
Suppose -6*c = -3*c + x - 37, 0 = -c - 5*x + 17. Calculate the greatest common factor of c and 384.
12
Let k = 77 + -79. Let l(o) = -6*o**3 + o**2 + 2*o - 2. Let x be l(k). Calculate the greatest common divisor of 368 and x.
46
Suppose 0 = -74*u + 87*u - 